{"id":2301,"date":"2023-10-22T17:34:40","date_gmt":"2023-10-22T14:34:40","guid":{"rendered":"https:\/\/izmirkaravantuvalet.com\/?page_id=2301"},"modified":"2024-04-07T19:36:45","modified_gmt":"2024-04-07T16:36:45","slug":"anasayfa","status":"publish","type":"page","link":"https:\/\/izmirkaravantuvalet.com\/","title":{"rendered":"ANASAYFA"},"content":{"rendered":"\t\t<div data-elementor-type=\"wp-page\" data-elementor-id=\"2301\" class=\"elementor elementor-2301\">\n\t\t\t\t<div class=\"elementor-element elementor-element-c9c9322 e-flex e-con-boxed e-con e-parent\" data-id=\"c9c9322\" data-element_type=\"container\">\n\t\t\t\t\t<div class=\"e-con-inner\">\n\t\t\t\t<div class=\"elementor-element elementor-element-1a6ed2a elementor-widget-divider--view-line_text elementor-widget-divider--element-align-center elementor-widget elementor-widget-divider\" data-id=\"1a6ed2a\" data-element_type=\"widget\" data-widget_type=\"divider.default\">\n\t\t\t\t<div class=\"elementor-widget-container\">\n\t\t\t\t\t\t\t<div class=\"elementor-divider\">\n\t\t\t<span class=\"elementor-divider-separator\">\n\t\t\t\t\t\t\t<span class=\"elementor-divider__text elementor-divider__element\">\n\t\t\t\t\u0130zmir Karavan Tuvalet\t\t\t\t<\/span>\n\t\t\t\t\t\t<\/span>\n\t\t<\/div>\n\t\t\t\t\t\t<\/div>\n\t\t\t\t<\/div>\n\t\t\t\t\t<\/div>\n\t\t\t\t<\/div>\n\t\t<div class=\"elementor-element elementor-element-10b07c5 e-flex e-con-boxed e-con e-parent\" data-id=\"10b07c5\" data-element_type=\"container\">\n\t\t\t\t\t<div class=\"e-con-inner\">\n\t\t\t\t<div class=\"elementor-element elementor-element-b5ebe37 elementor-widget elementor-widget-heading\" data-id=\"b5ebe37\" data-element_type=\"widget\" data-widget_type=\"heading.default\">\n\t\t\t\t<div class=\"elementor-widget-container\">\n\t\t\t\t\t<h2 class=\"elementor-heading-title elementor-size-default\">\u0130HT\u0130YACINIZ OLAN HER YERDEY\u0130Z<\/h2>\t\t\t\t<\/div>\n\t\t\t\t<\/div>\n\t\t\t\t\t<\/div>\n\t\t\t\t<\/div>\n\t\t<div class=\"elementor-element elementor-element-50141b4 e-flex e-con-boxed e-con e-parent\" data-id=\"50141b4\" data-element_type=\"container\">\n\t\t\t\t\t<div class=\"e-con-inner\">\n\t\t\t\t<div class=\"elementor-element elementor-element-e050261 elementor-widget elementor-widget-heading\" data-id=\"e050261\" data-element_type=\"widget\" data-widget_type=\"heading.default\">\n\t\t\t\t<div class=\"elementor-widget-container\">\n\t\t\t\t\t<h2 class=\"elementor-heading-title elementor-size-default\"><h2 style=\"font-size: 2.41176rem;font-style: normal;text-align: center\">SIRADAN B\u0130R YER SIRA DI\u015eI B\u0130R H\u0130ZMET<\/h2><\/h2>\t\t\t\t<\/div>\n\t\t\t\t<\/div>\n\t\t\t\t\t<\/div>\n\t\t\t\t<\/div>\n\t\t<div class=\"elementor-element elementor-element-662fb1a e-flex e-con-boxed e-con e-parent\" data-id=\"662fb1a\" data-element_type=\"container\">\n\t\t\t\t\t<div class=\"e-con-inner\">\n\t\t<div class=\"elementor-element elementor-element-ffa02d1 e-con-full e-flex e-con e-child\" data-id=\"ffa02d1\" data-element_type=\"container\">\n\t\t\t\t<div class=\"elementor-element elementor-element-422185f elementor-view-default elementor-widget elementor-widget-icon\" data-id=\"422185f\" data-element_type=\"widget\" data-widget_type=\"icon.default\">\n\t\t\t\t<div class=\"elementor-widget-container\">\n\t\t\t\t\t\t\t<div class=\"elementor-icon-wrapper\">\n\t\t\t<div class=\"elementor-icon\">\n\t\t\t<i aria-hidden=\"true\" class=\"fas fa-caravan\"><\/i>\t\t\t<\/div>\n\t\t<\/div>\n\t\t\t\t\t\t<\/div>\n\t\t\t\t<\/div>\n\t\t\t\t<div class=\"elementor-element elementor-element-94ad9f3 elementor-widget elementor-widget-text-editor\" data-id=\"94ad9f3\" data-element_type=\"widget\" data-widget_type=\"text-editor.default\">\n\t\t\t\t<div class=\"elementor-widget-container\">\n\t\t\t\t\t\t\t\t\t<h6 style=\"font-size: 0.882353rem; font-style: normal;\"><span style=\"color: #000000;\">\u00a0\u0130ZM\u0130R KARAVAN TUVALET K\u0130RALAMA<\/span><\/h6><p style=\"font-size: 17px; font-style: normal; font-weight: 400; color: #645659;\">Sizler i\u00e7in en hijyenik ve en konforlu Karavan Tuvaletleri Se\u00e7iyoruz.<\/p><p style=\"font-size: 17px; font-style: normal; font-weight: 400; color: #645659;\">Karavan tuvalet sistemleri kiralama hizmetimiz\u00a0arac\u0131l\u0131\u011f\u0131 ile istedi\u011finiz her noktaya konumland\u0131rabilirsiniz.<\/p><p style=\"font-size: 17px; font-style: normal; font-weight: 400; color: #645659;\">Karavan Tuvalet, hayat\u0131n pek \u00e7ok farkl\u0131 alan\u0131nda ihtiya\u00e7 duyulan yenilik\u00e7i ve ta\u015f\u0131nabilir tuvalet sistemidir.<\/p>\t\t\t\t\t\t\t\t<\/div>\n\t\t\t\t<\/div>\n\t\t\t\t<\/div>\n\t\t<div class=\"elementor-element elementor-element-cc0be6a e-con-full e-flex e-con e-child\" data-id=\"cc0be6a\" data-element_type=\"container\">\n\t\t\t\t<div class=\"elementor-element elementor-element-c94b61c elementor-arrows-position-inside elementor-pagination-position-outside elementor-widget elementor-widget-image-carousel\" data-id=\"c94b61c\" data-element_type=\"widget\" data-settings=\"{&quot;slides_to_show&quot;:&quot;2&quot;,&quot;navigation&quot;:&quot;both&quot;,&quot;autoplay&quot;:&quot;yes&quot;,&quot;pause_on_hover&quot;:&quot;yes&quot;,&quot;pause_on_interaction&quot;:&quot;yes&quot;,&quot;autoplay_speed&quot;:5000,&quot;infinite&quot;:&quot;yes&quot;,&quot;speed&quot;:500}\" data-widget_type=\"image-carousel.default\">\n\t\t\t\t<div class=\"elementor-widget-container\">\n\t\t\t\t\t\t\t<div class=\"elementor-image-carousel-wrapper swiper\" role=\"region\" aria-roledescription=\"carousel\" aria-label=\"Resim D\u00f6ng\u00fcs\u00fc\" dir=\"ltr\">\n\t\t\t<div class=\"elementor-image-carousel swiper-wrapper\" aria-live=\"off\">\n\t\t\t\t\t\t\t\t<div class=\"swiper-slide\" role=\"group\" aria-roledescription=\"slide\" aria-label=\"1 \/ 14\"><figure class=\"swiper-slide-inner\"><img decoding=\"async\" class=\"swiper-slide-image\" src=\"https:\/\/izmirkaravantuvalet.com\/wp-content\/uploads\/2023\/10\/WhatsApp-Image-2023-10-20-at-17.31.42-e1697985512143.jpeg\" alt=\"WhatsApp Image 2023-10-20 at 17.31.42\" \/><\/figure><\/div><div class=\"swiper-slide\" role=\"group\" aria-roledescription=\"slide\" aria-label=\"2 \/ 14\"><figure class=\"swiper-slide-inner\"><img decoding=\"async\" class=\"swiper-slide-image\" src=\"https:\/\/izmirkaravantuvalet.com\/wp-content\/uploads\/2023\/10\/WhatsApp-Image-2023-10-20-at-17.31.41.jpeg\" alt=\"WhatsApp Image 2023-10-20 at 17.31.41\" \/><\/figure><\/div><div class=\"swiper-slide\" role=\"group\" aria-roledescription=\"slide\" aria-label=\"3 \/ 14\"><figure class=\"swiper-slide-inner\"><img decoding=\"async\" class=\"swiper-slide-image\" src=\"https:\/\/izmirkaravantuvalet.com\/wp-content\/uploads\/2023\/10\/WhatsApp-Image-2023-10-20-at-12.34.12.jpeg\" alt=\"WhatsApp Image 2023-10-20 at 12.34.12\" \/><\/figure><\/div><div class=\"swiper-slide\" role=\"group\" aria-roledescription=\"slide\" aria-label=\"4 \/ 14\"><figure class=\"swiper-slide-inner\"><img decoding=\"async\" class=\"swiper-slide-image\" src=\"https:\/\/izmirkaravantuvalet.com\/wp-content\/uploads\/2023\/10\/WhatsApp-Image-2023-10-20-at-17.31.41-1.jpeg\" alt=\"WhatsApp Image 2023-10-20 at 17.31.41 (1)\" \/><\/figure><\/div><div class=\"swiper-slide\" role=\"group\" aria-roledescription=\"slide\" aria-label=\"5 \/ 14\"><figure class=\"swiper-slide-inner\"><img decoding=\"async\" class=\"swiper-slide-image\" src=\"https:\/\/izmirkaravantuvalet.com\/wp-content\/uploads\/2023\/10\/WhatsApp-Image-2023-10-20-at-12.34.12-1.jpeg\" alt=\"WhatsApp Image 2023-10-20 at 12.34.12 (1)\" \/><\/figure><\/div><div class=\"swiper-slide\" role=\"group\" aria-roledescription=\"slide\" aria-label=\"6 \/ 14\"><figure class=\"swiper-slide-inner\"><img decoding=\"async\" class=\"swiper-slide-image\" src=\"https:\/\/izmirkaravantuvalet.com\/wp-content\/uploads\/2023\/10\/WhatsApp-Image-2023-09-27-at-10.58.56.jpeg\" alt=\"WhatsApp Image 2023-09-27 at 10.58.56\" \/><\/figure><\/div><div class=\"swiper-slide\" role=\"group\" aria-roledescription=\"slide\" aria-label=\"7 \/ 14\"><figure class=\"swiper-slide-inner\"><img decoding=\"async\" class=\"swiper-slide-image\" src=\"https:\/\/izmirkaravantuvalet.com\/wp-content\/uploads\/2023\/10\/WhatsApp-Image-2023-09-27-at-10.58.56-1.jpeg\" alt=\"WhatsApp Image 2023-09-27 at 10.58.56 (1)\" \/><\/figure><\/div><div class=\"swiper-slide\" role=\"group\" aria-roledescription=\"slide\" aria-label=\"8 \/ 14\"><figure class=\"swiper-slide-inner\"><img decoding=\"async\" class=\"swiper-slide-image\" src=\"https:\/\/izmirkaravantuvalet.com\/wp-content\/uploads\/2023\/10\/WhatsApp-Image-2023-09-27-at-10.58.56-2.jpeg\" alt=\"WhatsApp Image 2023-09-27 at 10.58.56 (2)\" \/><\/figure><\/div><div class=\"swiper-slide\" role=\"group\" aria-roledescription=\"slide\" aria-label=\"9 \/ 14\"><figure class=\"swiper-slide-inner\"><img decoding=\"async\" class=\"swiper-slide-image\" src=\"https:\/\/izmirkaravantuvalet.com\/wp-content\/uploads\/2023\/10\/WhatsApp-Image-2023-09-27-at-10.58.57.jpeg\" alt=\"WhatsApp Image 2023-09-27 at 10.58.57\" \/><\/figure><\/div><div class=\"swiper-slide\" role=\"group\" aria-roledescription=\"slide\" aria-label=\"10 \/ 14\"><figure class=\"swiper-slide-inner\"><img decoding=\"async\" class=\"swiper-slide-image\" src=\"https:\/\/izmirkaravantuvalet.com\/wp-content\/uploads\/2023\/10\/WhatsApp-Image-2023-09-27-at-10.58.57-1.jpeg\" alt=\"WhatsApp Image 2023-09-27 at 10.58.57 (1)\" \/><\/figure><\/div><div class=\"swiper-slide\" role=\"group\" aria-roledescription=\"slide\" aria-label=\"11 \/ 14\"><figure class=\"swiper-slide-inner\"><img decoding=\"async\" class=\"swiper-slide-image\" src=\"https:\/\/izmirkaravantuvalet.com\/wp-content\/uploads\/2023\/10\/WhatsApp-Image-2023-09-27-at-10.58.57-2.jpeg\" alt=\"WhatsApp Image 2023-09-27 at 10.58.57 (2)\" \/><\/figure><\/div><div class=\"swiper-slide\" role=\"group\" aria-roledescription=\"slide\" aria-label=\"12 \/ 14\"><figure class=\"swiper-slide-inner\"><img decoding=\"async\" class=\"swiper-slide-image\" src=\"https:\/\/izmirkaravantuvalet.com\/wp-content\/uploads\/2023\/10\/WhatsApp-Image-2023-09-27-at-10.58.57-3.jpeg\" alt=\"WhatsApp Image 2023-09-27 at 10.58.57 (3)\" \/><\/figure><\/div><div class=\"swiper-slide\" role=\"group\" aria-roledescription=\"slide\" aria-label=\"13 \/ 14\"><figure class=\"swiper-slide-inner\"><img decoding=\"async\" class=\"swiper-slide-image\" src=\"https:\/\/izmirkaravantuvalet.com\/wp-content\/uploads\/2023\/10\/WhatsApp-Image-2023-09-20-at-19.06.10-1.jpeg\" alt=\"WhatsApp Image 2023-09-20 at 19.06.10 (1)\" \/><\/figure><\/div><div class=\"swiper-slide\" role=\"group\" aria-roledescription=\"slide\" aria-label=\"14 \/ 14\"><figure class=\"swiper-slide-inner\"><img decoding=\"async\" class=\"swiper-slide-image\" src=\"https:\/\/izmirkaravantuvalet.com\/wp-content\/uploads\/2023\/10\/WhatsApp-Image-2023-09-20-at-19.08.14.jpeg\" alt=\"WhatsApp Image 2023-09-20 at 19.08.14\" \/><\/figure><\/div>\t\t\t<\/div>\n\t\t\t\t\t\t\t\t\t\t\t\t<div class=\"elementor-swiper-button elementor-swiper-button-prev\" role=\"button\" tabindex=\"0\">\n\t\t\t\t\t\t<i aria-hidden=\"true\" class=\"eicon-chevron-left\"><\/i>\t\t\t\t\t<\/div>\n\t\t\t\t\t<div class=\"elementor-swiper-button elementor-swiper-button-next\" role=\"button\" tabindex=\"0\">\n\t\t\t\t\t\t<i aria-hidden=\"true\" class=\"eicon-chevron-right\"><\/i>\t\t\t\t\t<\/div>\n\t\t\t\t\n\t\t\t\t\t\t\t\t\t<div class=\"swiper-pagination\"><\/div>\n\t\t\t\t\t\t\t\t\t<\/div>\n\t\t\t\t\t\t<\/div>\n\t\t\t\t<\/div>\n\t\t\t\t<\/div>\n\t\t\t\t\t<\/div>\n\t\t\t\t<\/div>\n\t\t<div class=\"elementor-element elementor-element-6c4b94f e-flex e-con-boxed e-con e-parent\" data-id=\"6c4b94f\" data-element_type=\"container\">\n\t\t\t\t\t<div class=\"e-con-inner\">\n\t\t\t\t<div class=\"elementor-element elementor-element-2e7387c elementor-button-success elementor-align-center elementor-widget elementor-widget-button\" data-id=\"2e7387c\" data-element_type=\"widget\" data-widget_type=\"button.default\">\n\t\t\t\t<div class=\"elementor-widget-container\">\n\t\t\t\t\t\t\t\t\t<div class=\"elementor-button-wrapper\">\n\t\t\t\t\t<a class=\"elementor-button elementor-button-link elementor-size-xl\" href=\"#\">\n\t\t\t\t\t\t<span class=\"elementor-button-content-wrapper\">\n\t\t\t\t\t\t<span class=\"elementor-button-icon\">\n\t\t\t\t<i aria-hidden=\"true\" class=\"fas fa-phone-alt\"><\/i>\t\t\t<\/span>\n\t\t\t\t\t\t\t\t\t<span class=\"elementor-button-text\">Bizimle \u0130leti\u015fime Ge\u00e7in<\/span>\n\t\t\t\t\t<\/span>\n\t\t\t\t\t<\/a>\n\t\t\t\t<\/div>\n\t\t\t\t\t\t\t\t<\/div>\n\t\t\t\t<\/div>\n\t\t\t\t\t<\/div>\n\t\t\t\t<\/div>\n\t\t<div class=\"elementor-element elementor-element-6569664 e-flex e-con-boxed e-con e-parent\" data-id=\"6569664\" data-element_type=\"container\">\n\t\t\t\t\t<div class=\"e-con-inner\">\n\t\t\t\t<div class=\"elementor-element elementor-element-d89bc51 elementor-widget elementor-widget-heading\" data-id=\"d89bc51\" data-element_type=\"widget\" data-widget_type=\"heading.default\">\n\t\t\t\t<div class=\"elementor-widget-container\">\n\t\t\t\t\t<h2 class=\"elementor-heading-title elementor-size-default\"><h2 class=\"elementor-heading-title elementor-size-large\" style=\"font-style: normal;text-align: center\">SecretFloor Tercih Etmelisiniz \u00c7\u00fcnk\u00fc...<\/h2><\/h2>\t\t\t\t<\/div>\n\t\t\t\t<\/div>\n\t\t\t\t\t<\/div>\n\t\t\t\t<\/div>\n\t\t<div class=\"elementor-element elementor-element-3699fbb e-flex e-con-boxed e-con e-parent\" data-id=\"3699fbb\" data-element_type=\"container\">\n\t\t\t\t\t<div class=\"e-con-inner\">\n\t\t\t\t<div class=\"elementor-element elementor-element-47c74a0 elementor-widget-divider--view-line_icon elementor-view-default elementor-widget-divider--element-align-center elementor-widget elementor-widget-divider\" data-id=\"47c74a0\" data-element_type=\"widget\" data-widget_type=\"divider.default\">\n\t\t\t\t<div class=\"elementor-widget-container\">\n\t\t\t\t\t\t\t<div class=\"elementor-divider\">\n\t\t\t<span class=\"elementor-divider-separator\">\n\t\t\t\t\t\t\t<div class=\"elementor-icon elementor-divider__element\">\n\t\t\t\t\t<i aria-hidden=\"true\" class=\"fas fa-star-and-crescent\"><\/i><\/div>\n\t\t\t\t\t\t<\/span>\n\t\t<\/div>\n\t\t\t\t\t\t<\/div>\n\t\t\t\t<\/div>\n\t\t\t\t\t<\/div>\n\t\t\t\t<\/div>\n\t\t<div class=\"elementor-element elementor-element-76d8900 e-flex e-con-boxed e-con e-parent\" data-id=\"76d8900\" data-element_type=\"container\">\n\t\t\t\t\t<div class=\"e-con-inner\">\n\t\t\t\t<div class=\"elementor-element elementor-element-1a09091 elementor-widget elementor-widget-text-editor\" data-id=\"1a09091\" data-element_type=\"widget\" data-widget_type=\"text-editor.default\">\n\t\t\t\t<div class=\"elementor-widget-container\">\n\t\t\t\t\t\t\t\t\t<div class=\"elementor-element elementor-element-fb716bf e-flex e-con-boxed e-con e-parent\" data-id=\"fb716bf\" data-element_type=\"container\" data-settings=\"{&quot;content_width&quot;:&quot;boxed&quot;}\" data-core-v316-plus=\"true\">\n<div class=\"e-con-inner\">\n<div class=\"elementor-element elementor-element-d565e7f elementor-widget elementor-widget-text-editor\" data-id=\"d565e7f\" data-element_type=\"widget\" data-widget_type=\"text-editor.default\">\n<div class=\"elementor-widget-container\">\n<p>Secretfloor olarak hem kamu hem de \u00f6zel kurumlara ekipman kiralama hizmetleri veriyoruz. \u0130n\u015faat \u015fantiyeleri, organizasyon ve etkinlik alanlar\u0131nda ihtiya\u00e7 duyulan ekipmanlar\u0131 uygun fiyatla kiral\u0131yoruz. Secrefloor, \u00e7\u00f6z\u00fcm odakl\u0131 ve her daim m\u00fc\u015fteri memnuniyetini \u00f6n planda tutan \u00e7al\u0131\u015fmalar\u0131yla dikkat \u00e7eken bir firmad\u0131r.Mobil Tuvalet Kiralama, Mobil Du\u015f Kiralama,&nbsp;Karavan Tuvalet Kiralama, Kulis Karavan Kiralama, Mojo Bariyer Kiralama sistemleriyle \u00e7e\u015fitli se\u00e7enekler sunar. Destek hizmet \u00fcr\u00fcnlerimiz, kiralama s\u00fcresince bak\u0131m\u0131, temizli\u011fi, yer de\u011fi\u015fikli\u011fi, nakliyesi firmam\u0131zca yap\u0131ld\u0131\u011f\u0131ndan hi\u00e7bir sorun ya\u015fanmadan organizasyonunuz sona erer. SA\u011eLIKLI hijyenik ortamlar yarat\u0131larak, ya\u015fam kalitesi istedi\u011finiz her noktaya ta\u015f\u0131nabilir. \u0130htiyaca uygun \u00e7\u00f6z\u00fcmlerin kiralanabilmesi sayesinde yat\u0131r\u0131m maliyeti olu\u015fmaz.<\/p>\n<\/div>\n<\/div>\n<\/div>\n<\/div>\n<div class=\"elementor-element elementor-element-8051f24 e-flex e-con-boxed e-con e-parent\" data-id=\"8051f24\" data-element_type=\"container\" data-settings=\"{&quot;content_width&quot;:&quot;boxed&quot;}\" data-core-v316-plus=\"true\">\n<div class=\"e-con-inner\">\n<div class=\"elementor-element elementor-element-3363ad0 elementor-widget-divider--view-line_icon elementor-view-default elementor-widget-divider--element-align-center elementor-widget elementor-widget-divider\" data-id=\"3363ad0\" data-element_type=\"widget\" data-widget_type=\"divider.default\">\n<div class=\"elementor-widget-container\">\n<div class=\"elementor-divider\">\n<div class=\"elementor-icon elementor-divider__element\">&nbsp;<\/div>\n<\/div>\n<\/div>\n<\/div>\n<\/div>\n<\/div>\t\t\t\t\t\t\t\t<\/div>\n\t\t\t\t<\/div>\n\t\t\t\t\t<\/div>\n\t\t\t\t<\/div>\n\t\t<div class=\"elementor-element elementor-element-b12bb09 e-flex e-con-boxed e-con e-parent\" data-id=\"b12bb09\" data-element_type=\"container\">\n\t\t\t\t\t<div class=\"e-con-inner\">\n\t\t\t\t<div class=\"elementor-element elementor-element-646d8ca elementor-widget-divider--view-line_icon elementor-view-default elementor-widget-divider--element-align-center elementor-widget elementor-widget-divider\" data-id=\"646d8ca\" data-element_type=\"widget\" data-widget_type=\"divider.default\">\n\t\t\t\t<div class=\"elementor-widget-container\">\n\t\t\t\t\t\t\t<div class=\"elementor-divider\">\n\t\t\t<span class=\"elementor-divider-separator\">\n\t\t\t\t\t\t\t<div class=\"elementor-icon elementor-divider__element\">\n\t\t\t\t\t<i aria-hidden=\"true\" class=\"fas fa-star-and-crescent\"><\/i><\/div>\n\t\t\t\t\t\t<\/span>\n\t\t<\/div>\n\t\t\t\t\t\t<\/div>\n\t\t\t\t<\/div>\n\t\t\t\t\t<\/div>\n\t\t\t\t<\/div>\n\t\t<div class=\"elementor-element elementor-element-8a36a96 e-flex e-con-boxed e-con e-parent\" data-id=\"8a36a96\" data-element_type=\"container\">\n\t\t\t\t\t<div class=\"e-con-inner\">\n\t\t<div class=\"elementor-element elementor-element-8504552 e-con-full e-flex e-con e-child\" data-id=\"8504552\" data-element_type=\"container\">\n\t\t\t\t<div class=\"elementor-element elementor-element-547d011 elementor-icon-list--layout-traditional elementor-list-item-link-full_width elementor-widget elementor-widget-icon-list\" data-id=\"547d011\" data-element_type=\"widget\" data-widget_type=\"icon-list.default\">\n\t\t\t\t<div class=\"elementor-widget-container\">\n\t\t\t\t\t\t\t<ul class=\"elementor-icon-list-items\">\n\t\t\t\t\t\t\t<li class=\"elementor-icon-list-item\">\n\t\t\t\t\t\t\t\t\t\t\t<span class=\"elementor-icon-list-icon\">\n\t\t\t\t\t\t\t<i aria-hidden=\"true\" class=\"fas fa-heart\"><\/i>\t\t\t\t\t\t<\/span>\n\t\t\t\t\t\t\t\t\t\t<span class=\"elementor-icon-list-text\">\u0130HT\u0130YACINIZ OLAN HER YERDEY\u0130Z<\/span>\n\t\t\t\t\t\t\t\t\t<\/li>\n\t\t\t\t\t\t\t\t<li class=\"elementor-icon-list-item\">\n\t\t\t\t\t\t\t\t\t\t\t<span class=\"elementor-icon-list-icon\">\n\t\t\t\t\t\t\t<i aria-hidden=\"true\" class=\"fas fa-thumbs-up\"><\/i>\t\t\t\t\t\t<\/span>\n\t\t\t\t\t\t\t\t\t\t<span class=\"elementor-icon-list-text\">\u0130\u015e\u0130M\u0130Z\u0130 D\u00dcR\u00dcST\u00c7E YAPIYORUZ<\/span>\n\t\t\t\t\t\t\t\t\t<\/li>\n\t\t\t\t\t\t\t\t<li class=\"elementor-icon-list-item\">\n\t\t\t\t\t\t\t\t\t\t\t<span class=\"elementor-icon-list-icon\">\n\t\t\t\t\t\t\t<i aria-hidden=\"true\" class=\"fas fa-hands-helping\"><\/i>\t\t\t\t\t\t<\/span>\n\t\t\t\t\t\t\t\t\t\t<span class=\"elementor-icon-list-text\">G\u00dcVEN<\/span>\n\t\t\t\t\t\t\t\t\t<\/li>\n\t\t\t\t\t\t\t\t<li class=\"elementor-icon-list-item\">\n\t\t\t\t\t\t\t\t\t\t\t<span class=\"elementor-icon-list-icon\">\n\t\t\t\t\t\t\t<i aria-hidden=\"true\" class=\"fas fa-check\"><\/i>\t\t\t\t\t\t<\/span>\n\t\t\t\t\t\t\t\t\t\t<span class=\"elementor-icon-list-text\">S\u00dcREKL\u0130L\u0130K VE TECR\u00dcBE<\/span>\n\t\t\t\t\t\t\t\t\t<\/li>\n\t\t\t\t\t\t<\/ul>\n\t\t\t\t\t\t<\/div>\n\t\t\t\t<\/div>\n\t\t\t\t<\/div>\n\t\t<div class=\"elementor-element elementor-element-0dcad20 e-con-full e-flex e-con e-child\" data-id=\"0dcad20\" data-element_type=\"container\">\n\t\t\t\t<div class=\"elementor-element elementor-element-725901d elementor-view-default elementor-widget elementor-widget-icon\" data-id=\"725901d\" data-element_type=\"widget\" data-widget_type=\"icon.default\">\n\t\t\t\t<div class=\"elementor-widget-container\">\n\t\t\t\t\t\t\t<div class=\"elementor-icon-wrapper\">\n\t\t\t<div class=\"elementor-icon\">\n\t\t\t<i aria-hidden=\"true\" class=\"fas fa-smile\"><\/i>\t\t\t<\/div>\n\t\t<\/div>\n\t\t\t\t\t\t<\/div>\n\t\t\t\t<\/div>\n\t\t\t\t<div class=\"elementor-element elementor-element-0b031a7 elementor-widget elementor-widget-text-editor\" data-id=\"0b031a7\" data-element_type=\"widget\" data-widget_type=\"text-editor.default\">\n\t\t\t\t<div class=\"elementor-widget-container\">\n\t\t\t\t\t\t\t\t\t<h4 class=\"title\" style=\"font-size: 1.41176rem; font-style: normal; font-weight: 600; font-family: Montserrat, sans-serif; text-align: center;\">M\u00dc\u015eTER\u0130 MEMNUN\u0130YET\u0130<\/h4><p style=\"font-size: 17px; font-style: normal; font-weight: 400; color: rgb(100, 86, 89);\">SecretFloor\u2019da her s\u00fcre\u00e7&nbsp;<span style=\"font-weight: 700;\">m\u00fc\u015fteri memnuniyeti<\/span>&nbsp;\u00fczerine kurulmu\u015ftur. Hizmet y\u00f6netimi s\u00fcre\u00e7lerimiz, m\u00fc\u015fterilerimize azami yarar sa\u011flamak \u00fczerine i\u015flemektedir.<\/p>\t\t\t\t\t\t\t\t<\/div>\n\t\t\t\t<\/div>\n\t\t\t\t<\/div>\n\t\t\t\t\t<\/div>\n\t\t\t\t<\/div>\n\t\t<div class=\"elementor-element elementor-element-547376c e-flex e-con-boxed e-con e-parent\" data-id=\"547376c\" data-element_type=\"container\">\n\t\t\t\t\t<div class=\"e-con-inner\">\n\t\t\t\t<div class=\"elementor-element elementor-element-8c8a8f9 elementor-widget-divider--view-line_text elementor-widget-divider--element-align-center elementor-widget elementor-widget-divider\" data-id=\"8c8a8f9\" data-element_type=\"widget\" data-widget_type=\"divider.default\">\n\t\t\t\t<div class=\"elementor-widget-container\">\n\t\t\t\t\t\t\t<div class=\"elementor-divider\">\n\t\t\t<span class=\"elementor-divider-separator\">\n\t\t\t\t\t\t\t<span class=\"elementor-divider__text elementor-divider__element\">\n\t\t\t\tSecretFloor Hizmet Y\u00f6netimi\t\t\t\t<\/span>\n\t\t\t\t\t\t<\/span>\n\t\t<\/div>\n\t\t\t\t\t\t<\/div>\n\t\t\t\t<\/div>\n\t\t\t\t\t<\/div>\n\t\t\t\t<\/div>\n\t\t\t\t<\/div>\n\t\t","protected":false},"excerpt":{"rendered":"<p>\u0130zmir Karavan Tuvalet \u0130HT\u0130YACINIZ OLAN HER YERDEY\u0130Z SIRADAN B\u0130R YER SIRA DI\u015eI B\u0130R H\u0130ZMET \u00a0\u0130ZM\u0130R KARAVAN TUVALET K\u0130RALAMA Sizler i\u00e7in en hijyenik ve en konforlu Karavan Tuvaletleri Se\u00e7iyoruz. Karavan tuvalet sistemleri kiralama hizmetimiz\u00a0arac\u0131l\u0131\u011f\u0131 ile istedi\u011finiz her noktaya konumland\u0131rabilirsiniz. Karavan Tuvalet, hayat\u0131n pek \u00e7ok farkl\u0131 alan\u0131nda ihtiya\u00e7 duyulan yenilik\u00e7i ve ta\u015f\u0131nabilir tuvalet sistemidir. Bizimle \u0130leti\u015fime Ge\u00e7in &hellip;<\/p>\n<p class=\"read-more\"> <a class=\"\" href=\"https:\/\/izmirkaravantuvalet.com\/\"> <span class=\"screen-reader-text\">ANASAYFA<\/span> Devam\u0131 &raquo;<\/a><\/p>\n","protected":false},"author":1,"featured_media":0,"parent":0,"menu_order":0,"comment_status":"closed","ping_status":"closed","template":"","meta":{"site-sidebar-layout":"no-sidebar","site-content-layout":"page-builder","ast-site-content-layout":"full-width-container","site-content-style":"default","site-sidebar-style":"default","ast-global-header-display":"","ast-banner-title-visibility":"","ast-main-header-display":"","ast-hfb-above-header-display":"","ast-hfb-below-header-display":"","ast-hfb-mobile-header-display":"","site-post-title":"disabled","ast-breadcrumbs-content":"","ast-featured-img":"disabled","footer-sml-layout":"","theme-transparent-header-meta":"","adv-header-id-meta":"","stick-header-meta":"","header-above-stick-meta":"","header-main-stick-meta":"","header-below-stick-meta":"","astra-migrate-meta-layouts":"set","footnotes":""},"class_list":["post-2301","page","type-page","status-publish","hentry"],"_links":{"self":[{"href":"https:\/\/izmirkaravantuvalet.com\/index.php\/wp-json\/wp\/v2\/pages\/2301","targetHints":{"allow":["GET"]}}],"collection":[{"href":"https:\/\/izmirkaravantuvalet.com\/index.php\/wp-json\/wp\/v2\/pages"}],"about":[{"href":"https:\/\/izmirkaravantuvalet.com\/index.php\/wp-json\/wp\/v2\/types\/page"}],"author":[{"embeddable":true,"href":"https:\/\/izmirkaravantuvalet.com\/index.php\/wp-json\/wp\/v2\/users\/1"}],"replies":[{"embeddable":true,"href":"https:\/\/izmirkaravantuvalet.com\/index.php\/wp-json\/wp\/v2\/comments?post=2301"}],"version-history":[{"count":16,"href":"https:\/\/izmirkaravantuvalet.com\/index.php\/wp-json\/wp\/v2\/pages\/2301\/revisions"}],"predecessor-version":[{"id":2381,"href":"https:\/\/izmirkaravantuvalet.com\/index.php\/wp-json\/wp\/v2\/pages\/2301\/revisions\/2381"}],"wp:attachment":[{"href":"https:\/\/izmirkaravantuvalet.com\/index.php\/wp-json\/wp\/v2\/media?parent=2301"}],"curies":[{"name":"wp","href":"https:\/\/api.w.org\/{rel}","templated":true}]}}